{"id":629,"date":"2024-07-05T11:14:45","date_gmt":"2024-07-05T09:14:45","guid":{"rendered":"https:\/\/whiterock.pl\/public\/?page_id=629"},"modified":"2024-07-05T11:14:45","modified_gmt":"2024-07-05T09:14:45","slug":"polityka-prywatnosci-2","status":"publish","type":"page","link":"https:\/\/whiterock.pl\/public\/?page_id=629","title":{"rendered":"Polityka prywatno\u015bci"},"content":{"rendered":"\n<ol class=\"wp-block-list\">\n<li>Administratorem danych osobowych w rozumieniu art. 4 pkt 7 rozporz\u0105dzenia Parlamentu Europejskiego i<br>Rady (UE) 2016\/679 z dn. 27.04.2016 r. w sprawie ochrony os\u00f3b fizycznych w zwi\u0105zku z&nbsp;przetwarzaniem<br>danych osobowych i w sprawie swobodnego przep\u0142ywu takich danych oraz uchylenia dyrektywy 95\/46\/WE<br>(RODO) jest WhiteRock Monika Jakubaszek Zwoli\u0144ska Sp\u00f3\u0142ka komandytowa z siedzib\u0105 w Warszawie pod<br>adresem Rondo Organizacji Narod\u00f3w Zjednoczonych 1, 00-124 Warszawa, NIP: 7010697331, REGON:<br>367449796, wpisana do rejestru przedsi\u0119biorc\u00f3w Krajowego Rejestru S\u0105dowego pod numerem KRS:<br>0000680975, s\u0105d rejestrowy: S\u0105d Rejonowy dla m. st. Warszawy w Warszawie, XII Wydzia\u0142 Gospodarczy<br>Krajowego Rejestru S\u0105dowego.<\/li>\n\n\n\n<li>Adres e-mail administratora danych: kontakt@whiterock.pl.<\/li>\n\n\n\n<li>Administrator w my\u015bl art. 32 ust. 1 RODO przestrzega zasady ochrony danych osobowych oraz stosuje<br>odpowiednie \u015brodki techniczne i organizacyjne w celu zapobie\u017cenia przypadkowego lub niezgodnego<br>z&nbsp;prawem zniszczenia, utraty, modyfikacji, nieuprawnionego ujawnienia lub nieuprawnionego dost\u0119pu do<br>danych osobowych przetwarzanych w zwi\u0105zku z prowadzon\u0105 dzia\u0142alno\u015bci\u0105.<\/li>\n\n\n\n<li>Podanie danych osobowych przez klienta jest dobrowolne, ale niezb\u0119dne w&nbsp;celu kontaktu lub zawarcia<br>umowy z administratorem danych.<\/li>\n\n\n\n<li>Administrator danych przetwarza dane osobowe w zakresie niezb\u0119dnym do realizacji umowy lub<br>\u015bwiadczenia us\u0142ug na rzecz osoby, kt\u00f3rej dane dotycz\u0105.<\/li>\n<\/ol>\n\n\n\n<p>\u00a72. Cel i podstawy przetwarzania danych osobowych<\/p>\n\n\n\n<p>Administrator przetwarza dane osobowe w nast\u0119puj\u0105cych celach:<br>a) przygotowanie oferty w odpowiedzi na zainteresowanie klienta, co jest prawnie uzasadnionym<br>interesem administratora danych (art. 6 ust. 1 lit. f RODO);<br>b) zawieranie i realizacja um\u00f3w z klientami, na podstawie zawartej umowy (art. 6 ust. 1&nbsp;lit. b RODO);<br>c) \u015bwiadczenie us\u0142ug drog\u0105 elektroniczn\u0105 za po\u015brednictwem stron internetowych, na podstawie<br>zawartej umowy (art. 6 ust. 1 lit. b RODO);<br>d) obs\u0142uga procesu reklamacyjnego, na podstawie obowi\u0105zku ci\u0105\u017c\u0105cym na administratorze danych w<br>zwi\u0105zku z obowi\u0105zuj\u0105cymi przepisami prawa (art. 6 ust. 1&nbsp;lit. c RODO);<br>e) rachunkowych zwi\u0105zanych z wystawianiem i przyjmowaniem dokument\u00f3w rozliczeniowych, na<br>podstawie przepis\u00f3w prawa podatkowego (art. 6 ust. 1 lit. c RODO);<br>f) archiwizacja danych dla ewentualnego ustalenia, dochodzenia lub obrony przed roszczeniami lub<br>potrzeby wykazania fakt\u00f3w, co jest prawnie uzasadnionym interesem administratora danych (art.<br>6&nbsp;ust. 1 lit f RODO);<br>g) kontakt telefoniczny lub za po\u015brednictwem poczty elektronicznej, w&nbsp;szczeg\u00f3lno\u015bci w odpowiedzi na<br>zapytania kierowane do administratora danych, co jest prawnie uzasadnionym interesem<br>administratora danych (art. 6 ust. 1 lit. f RODO);<br>h) przesy\u0142anie informacji technicznych dotycz\u0105cych funkcjonowania us\u0142ug, z kt\u00f3rych korzysta klient, co<br>jest prawnie uzasadnionym interesem administratora danych (art. 6 ust. 1 lit. f RODO);<br>i) marketing, co jest jego prawnie uzasadnionym interesem (art. 6 ust. 1 lit. f RODO) lub odbywa si\u0119 na<br>podstawie uprzednio udzielonej zgody (art. 6 ust. 1 lit. a RODO).<br>\u00a73. Odbiorcy danych. Przekazywanie danych do pa\u0144stw trzecich<\/p>\n\n\n\n<ol class=\"wp-block-list\">\n<li>Odbiorcami danych osobowych przetwarzanych przez administratora danych mog\u0105 by\u0107 podmioty<br>wsp\u00f3\u0142pracuj\u0105ce z administratorem danych, gdy jest to niezb\u0119dne do realizacji umowy zawartej z osob\u0105,<br>kt\u00f3rej dane dotycz\u0105.<\/li>\n\n\n\n<li>Odbiorcami danych osobowych przetwarzanych przez administratora danych mog\u0105 by\u0107 r\u00f3wnie\u017c<br>podwykonawcy \u2013 podmioty, z kt\u00f3rych us\u0142ug korzysta administrator danych przy przetwarzaniu danych np.<br>biura rachunkowe, kancelarie prawne, podmioty \u015bwiadcz\u0105ce us\u0142ugi IT (w tym us\u0142ugi hostingowe).<\/li>\n\n\n\n<li>Administrator danych mo\u017ce by\u0107 zobowi\u0105zany do udostepnienia danych osobowych na podstawie<br>obowi\u0105zuj\u0105cych przepis\u00f3w prawa, w szczeg\u00f3lno\u015bci do udost\u0119pnienia danych osobowych uprawnionym<br>organom lub instytucjom pa\u0144stwowym.<\/li>\n\n\n\n<li>Dane osobowe nie zostan\u0105 przekazane do podmiotu maj\u0105cego siedzib\u0119 poza Europejskim Obszarem<br>Gospodarczym.<\/li>\n<\/ol>\n\n\n\n<p>\u00a74. Okres przechowywania danych osobowych<\/p>\n\n\n\n<ol class=\"wp-block-list\">\n<li>Administrator danych przechowuje dane osobowe przez okres obowi\u0105zywania umowy zawartej z osob\u0105,<br>kt\u00f3rej dane dotycz\u0105 oraz po zako\u0144czeniu jej obowi\u0105zywania w&nbsp;celach zwi\u0105zanych z&nbsp;dochodzeniem roszcze\u0144<br>zwi\u0105zanych z&nbsp;umow\u0105, wykonania obowi\u0105zk\u00f3w wynikaj\u0105cych z&nbsp;obowi\u0105zuj\u0105cych przepis\u00f3w prawa, ale przez<br>czas nie d\u0142u\u017cszy ni\u017c termin przedawnienia zgodnie z przepisami Kodeksu cywilnego.<\/li>\n\n\n\n<li>Administrator danych przechowuje dane osobowe znajduj\u0105ce si\u0119 na dokumentach rozliczeniowych przez<br>okres wskazany przepisami prawa podatkowego.<\/li>\n\n\n\n<li>Administrator danych przechowuje dane osobowe przetwarzane w celach marketingowych przez okres lat<br>10, jednak nie dalej ni\u017c do momentu wycofania zgody na przetwarzanie danych lub wniesienia sprzeciwu<br>wobec przetwarzania danych.<\/li>\n\n\n\n<li>Administrator danych przechowuje dane osobowe w celach innych ni\u017c wskazane w ust. 1-3 przez okres<br>jednego roku, chyba \u017ce wcze\u015bniej wycofano zgod\u0119 na przetwarzanie danych, a&nbsp;przetwarzanie danych nie<br>mo\u017ce by\u0107 kontynuowane na innej podstawie ni\u017c zgoda osoby, kt\u00f3rej dane dotycz\u0105.<br>\u00a75. Uprawnienia osoby, kt\u00f3rej dane dotycz\u0105<\/li>\n\n\n\n<li>Ka\u017cda osoba, kt\u00f3rej dane dotycz\u0105, ma prawo:<br>a) dost\u0119pu \u2013 uzyskania od administratora potwierdzenia, czy przetwarzane s\u0105 jej dane osobowe. Je\u017celi dane<br>o osobie s\u0105 przetwarzane, jest ona uprawniona do uzyskania dost\u0119pu do nich oraz uzyskania<br>nast\u0119puj\u0105cych informacji: o celach przetwarzania, kategoriach danych osobowych, informacji o odbiorcach<br>lub kategoriach odbiorc\u00f3w, kt\u00f3rym dane zosta\u0142y lub zostan\u0105 ujawnione, o okresie przechowywania danych<br>lub o&nbsp;kryteriach ich ustalania, o prawie do \u017c\u0105dania sprostowania, usuni\u0119cia lub ograniczenia przetwarzania<br>danych osobowych przys\u0142uguj\u0105cych osobie, kt\u00f3rej dane dotycz\u0105, oraz do wniesienia sprzeciwu wobec<br>takiego przetwarzania (art. 15 RODO);<br>b) do otrzymania kopii danych \u2013 uzyskania kopii danych podlegaj\u0105cych przetwarzaniu, przy czym pierwsza<br>kopia jest bezp\u0142atna, a za kolejne kopie administrator mo\u017ce na\u0142o\u017cy\u0107 op\u0142at\u0119 w rozs\u0105dnej wysoko\u015bci<br>wynikaj\u0105c\u0105 z koszt\u00f3w administracyjnych (art. 15 ust. 3 RODO);<br>c) do sprostowania \u2013 \u017c\u0105dania sprostowania dotycz\u0105cych jej danych osobowych, kt\u00f3re s\u0105 nieprawid\u0142owe lub<br>uzupe\u0142nienia niekompletnych danych (art. 16 RODO);<br>d) do usuni\u0119cia danych \u2013 \u017c\u0105dania usuni\u0119cia jej danych osobowych, je\u017celi administrator nie ma ju\u017c podstawy<br>prawnej do ich przetwarzania lub dane nie s\u0105 ju\u017c niezb\u0119dne do cel\u00f3w przetwarzania (art. 17 RODO);<br>e) do ograniczenia przetwarzania \u2013 \u017c\u0105dania ograniczenia przetwarzania danych osobowych (art. 18<br>RODO), gdy:<\/li>\n<\/ol>\n\n\n\n<ul class=\"wp-block-list\">\n<li>osoba, kt\u00f3rej dane dotycz\u0105, kwestionuje prawid\u0142owo\u015b\u0107 danych osobowych \u2013 na okres pozwalaj\u0105cy<br>administratorowi sprawdzi\u0107 prawid\u0142owo\u015b\u0107 tych danych,<\/li>\n\n\n\n<li>przetwarzanie jest niezgodne z prawem, a osoba, kt\u00f3rej dane dotycz\u0105, sprzeciwia si\u0119 ich usuni\u0119ciu,<br>\u017c\u0105daj\u0105c ograniczenia ich wykorzystywania,<\/li>\n\n\n\n<li>administrator nie potrzebuje ju\u017c tych danych, ale s\u0105 one potrzebne osobie, kt\u00f3rej dane dotycz\u0105, do<br>ustalenia, dochodzenia lub obrony roszcze\u0144,<\/li>\n\n\n\n<li>osoba, kt\u00f3rej dane dotycz\u0105, wnios\u0142a sprzeciw wobec przetwarzania \u2013 do czasu stwierdzenia, czy prawnie<br>uzasadnione podstawy po stronie administratora s\u0105 nadrz\u0119dne wobec podstaw sprzeciwu osoby, kt\u00f3rej<br>dane dotycz\u0105;<br>f) do przenoszenia danych \u2013 otrzymania w ustrukturyzowanym, powszechnie u\u017cywanym formacie<br>nadaj\u0105cym si\u0119 do odczytu maszynowego danych osobowych jej dotycz\u0105cych, kt\u00f3re dostarczy\u0142a<br>administratorowi, oraz \u017c\u0105dania przes\u0142ania tych danych innemu administratorowi, je\u017celi dane s\u0105<br>przetwarzane na podstawie zgody osoby, kt\u00f3rej dane dotycz\u0105 lub umowy z ni\u0105 zawartej oraz je\u017celi dane s\u0105<br>przetwarzane w spos\u00f3b zautomatyzowany (art. 20 RODO);<br>g) do sprzeciwu \u2013 wniesienia sprzeciwu wobec przetwarzania jej danych osobowych w&nbsp;prawnie<br>uzasadnionych celach administratora, z przyczyn zwi\u0105zanych z jej szczeg\u00f3ln\u0105 sytuacj\u0105, w tym wobec<br>profilowania. W\u00f3wczas administrator dokonuje oceny istnienia wa\u017cnych prawnie uzasadnionych podstaw<br>do przetwarzania, nadrz\u0119dnych wobec interes\u00f3w, praw i wolno\u015bci os\u00f3b, kt\u00f3rych dane dotycz\u0105, lub podstaw<br>do ustalenia, dochodzenia lub obrony roszcze\u0144. Je\u017celi zgodnie z ocen\u0105 interesy osoby, kt\u00f3rej dane<br>dotycz\u0105, b\u0119d\u0105 wa\u017cniejsze od interes\u00f3w administratora, administrator b\u0119dzie zobowi\u0105zany zaprzesta\u0107<br>przetwarzania danych w tych celach (art. 21 RODO).<\/li>\n<\/ul>\n\n\n\n<ol class=\"wp-block-list\">\n<li>Aby skorzysta\u0107 z wy\u017cej wymienionych praw, osoba, kt\u00f3rej dane dotycz\u0105, powinna skontaktowa\u0107 si\u0119,<br>wykorzystuj\u0105c podane dane kontaktowe, z administratorem i&nbsp;poinformowa\u0107 go, z kt\u00f3rego prawa i w jakim<br>zakresie chce skorzysta\u0107.<\/li>\n\n\n\n<li>Osoba, kt\u00f3rej dane dotycz\u0105, ma prawo wnie\u015b\u0107 skarg\u0119 do organu nadzoru, kt\u00f3rym jest Prezes Urz\u0119du<br>Ochrony Danych Osobowych w Warszawie.<\/li>\n<\/ol>\n\n\n\n<p>\u00a76. Profilowanie<\/p>\n\n\n\n<p>Dane osobowe uzyskane przez administratora danych nie b\u0119d\u0105 przetwarzane w&nbsp;spos\u00f3b automatyczny \u2013 w tym w<br>formie profilowania.<\/p>\n\n\n\n<p>POLITYKA COOKIES<\/p>\n\n\n\n<ol class=\"wp-block-list\">\n<li>Strona internetowa nie zbiera w spos\u00f3b automatyczny \u017cadnych informacji, z wyj\u0105tkiem informacji zawartych<br>w&nbsp;plikach cookies.<\/li>\n\n\n\n<li>Pliki cookies (tzw. &#8222;ciasteczka&#8221;) stanowi\u0105 dane informatyczne, w szczeg\u00f3lno\u015bci pliki tekstowe, kt\u00f3re<br>przechowywane s\u0105 w urz\u0105dzeniu ko\u0144cowym u\u017cytkownika korzystaj\u0105cego z system\u00f3w oraz stron<br>internetowych udost\u0119pnianych przez us\u0142ugodawc\u0119 i przeznaczone s\u0105 do korzystania oraz obs\u0142ugi tych<br>system\u00f3w i stron internetowych. Cookies zazwyczaj zawieraj\u0105 nazw\u0119 strony internetowej z kt\u00f3rej pochodz\u0105,<br>czas przechowywania ich na urz\u0105dzeniu ko\u0144cowym u\u017cytkownika oraz unikalny numer.<\/li>\n\n\n\n<li>Pliki cookies stosowane przez us\u0142ugodawc\u0119 wykorzystywane s\u0105 w celu:&nbsp;<br>a) dostosowania zawarto\u015bci stron internetowych do preferencji u\u017cytkownika oraz optymalizacji korzystania<br>ze stron internetowych; w szczeg\u00f3lno\u015bci pliki te pozwalaj\u0105 rozpozna\u0107 urz\u0105dzenie u\u017cytkownika ii<br>odpowiednio wy\u015bwietli\u0107 stron\u0119 internetow\u0105, dostosowan\u0105 do jego indywidualnych potrzeb;&nbsp;<\/li>\n<\/ol>\n\n\n\n<p>b) tworzenia statystyk, kt\u00f3re pomagaj\u0105 zrozumie\u0107, w jaki spos\u00f3b u\u017cytkownicy korzystaj\u0105 z system\u00f3w oraz<br>stron internetowych, co umo\u017cliwia ulepszanie ich struktury i zawarto\u015bci;&nbsp;<br>c) utrzymanie sesji u\u017cytkownika w celu umo\u017cliwienia powrotu do zawarto\u015bci formularzy dost\u0119pnych na<br>stronach internetowych.<\/p>\n\n\n\n<ol class=\"wp-block-list\" start=\"4\">\n<li>W ramach system\u00f3w oraz stron internetowych udost\u0119pnianych przez us\u0142ugodawc\u0119 stosowane s\u0105<br>nast\u0119puj\u0105ce rodzaje plik\u00f3w cookies:&nbsp;<br>a) &#8222;sesyjne&#8221; (session cookies) oraz &#8222;sta\u0142e&#8221; (persistent cookies). Cookies &#8222;sesyjne&#8221; s\u0105 plikami tymczasowymi,<br>kt\u00f3re przechowywane s\u0105 w urz\u0105dzeniu ko\u0144cowym u\u017cytkownika do czasu wylogowania, opuszczenia<br>strony internetowej lub wy\u0142\u0105czenia oprogramowania (przegl\u0105darki internetowej). &#8222;Sta\u0142e&#8221; pliki cookies<br>przechowywane s\u0105 w urz\u0105dzeniu ko\u0144cowym u\u017cytkownika przez czas okre\u015blony w parametrach plik\u00f3w<br>cookies lub do czasu ich usuni\u0119cia przez u\u017cytkownika;<br>b) &#8222;niezb\u0119dne&#8221; pliki cookies, umo\u017cliwiaj\u0105ce korzystanie z us\u0142ug dost\u0119pnych w ramach system\u00f3w oraz stron<br>internetowych, np. uwierzytelniaj\u0105ce pliki cookies wykorzystywane do us\u0142ug wymagaj\u0105cych<br>uwierzytelniania;&nbsp;<br>c) &#8222;funkcjonalne&#8221; pliki cookies, umo\u017cliwiaj\u0105ce &#8222;zapami\u0119tanie&#8221; wybranych przez u\u017cytkownika ustawie\u0144 i<br>personalizacj\u0119 interfejsu u\u017cytkownika, np. w zakresie wybranego j\u0119zyka lub regionu, z kt\u00f3rego pochodzi,<br>rozmiaru czcionki, wygl\u0105du strony internetowej itp.<\/li>\n\n\n\n<li>W wielu przypadkach oprogramowanie s\u0142u\u017c\u0105ce do przegl\u0105dania stron internetowych (przegl\u0105darka<br>internetowa) domy\u015blnie dopuszcza przechowywanie plik\u00f3w cookies w urz\u0105dzeniu ko\u0144cowym u\u017cytkownika.<br>U\u017cytkownicy mog\u0105 dokona\u0107 w ka\u017cdym czasie zmiany ustawie\u0144 dotycz\u0105cych plik\u00f3w cookies. Ustawienia te<br>mog\u0105 zosta\u0107 zmienione w szczeg\u00f3lno\u015bci w taki spos\u00f3b, aby blokowa\u0107 automatyczn\u0105 obs\u0142ug\u0119 plik\u00f3w cookies<br>w ustawieniach przegl\u0105darki internetowej b\u0105d\u017a informowa\u0107 o&nbsp;ich ka\u017cdorazowym zamieszczeniu w<br>urz\u0105dzeniu u\u017cytkownika. Szczeg\u00f3\u0142owe informacje o&nbsp;mo\u017cliwo\u015bci i sposobach obs\u0142ugi plik\u00f3w cookies dost\u0119pne<br>s\u0105 w ustawieniach oprogramowania (przegl\u0105darki internetowej). Szczeg\u00f3\u0142owe informacje o&nbsp;mo\u017cliwo\u015bci i<br>sposobach obs\u0142ugi plik\u00f3w cookies dost\u0119pne s\u0105 w ustawieniach oprogramowania (przegl\u0105darki internetowej)<br>oraz zosta\u0142y opisane tutaj:<br>a) Przegl\u0105darka Opera,<br>b) Przegl\u0105darka Firefox,<br>c) Przegl\u0105darka Chrome,<br>d) Przegl\u0105darka Microsoft Edge,<br>e) Przegl\u0105darka Safari.<\/li>\n\n\n\n<li>Informujemy, \u017ce ograniczenia stosowania plik\u00f3w cookies mog\u0105 wp\u0142yn\u0105\u0107 na niekt\u00f3re funkcjonalno\u015bci<br>dost\u0119pne w systemach lub na stronach internetowych.<\/li>\n<\/ol>\n\n\n\n<div style=\"height:171px\" aria-hidden=\"true\" class=\"wp-block-spacer\"><\/div>\n","protected":false},"excerpt":{"rendered":"<p>\u00a72. Cel i podstawy przetwarzania danych osobowych Administrator przetwarza dane osobowe w nast\u0119puj\u0105cych celach:a) przygotowanie oferty w odpowiedzi na zainteresowanie klienta, co jest prawnie uzasadnionyminteresem administratora danych (art. 6 ust. 1 lit. f RODO);b) zawieranie i realizacja um\u00f3w z klientami, na podstawie zawartej umowy (art. 6 ust. 1&nbsp;lit. b RODO);c) \u015bwiadczenie us\u0142ug drog\u0105 elektroniczn\u0105 za &hellip; <\/p>\n<p class=\"link-more\"><a href=\"https:\/\/whiterock.pl\/public\/?page_id=629\" class=\"more-link\">Read more<span class=\"screen-reader-text\"> &#8222;Polityka prywatno\u015bci&#8221;<\/span><\/a><\/p>\n","protected":false},"author":1,"featured_media":0,"parent":0,"menu_order":0,"comment_status":"closed","ping_status":"closed","template":"","meta":{"footnotes":""},"class_list":["post-629","page","type-page","status-publish","hentry"],"_links":{"self":[{"href":"https:\/\/whiterock.pl\/public\/index.php?rest_route=\/wp\/v2\/pages\/629","targetHints":{"allow":["GET"]}}],"collection":[{"href":"https:\/\/whiterock.pl\/public\/index.php?rest_route=\/wp\/v2\/pages"}],"about":[{"href":"https:\/\/whiterock.pl\/public\/index.php?rest_route=\/wp\/v2\/types\/page"}],"author":[{"embeddable":true,"href":"https:\/\/whiterock.pl\/public\/index.php?rest_route=\/wp\/v2\/users\/1"}],"replies":[{"embeddable":true,"href":"https:\/\/whiterock.pl\/public\/index.php?rest_route=%2Fwp%2Fv2%2Fcomments&post=629"}],"version-history":[{"count":3,"href":"https:\/\/whiterock.pl\/public\/index.php?rest_route=\/wp\/v2\/pages\/629\/revisions"}],"predecessor-version":[{"id":632,"href":"https:\/\/whiterock.pl\/public\/index.php?rest_route=\/wp\/v2\/pages\/629\/revisions\/632"}],"wp:attachment":[{"href":"https:\/\/whiterock.pl\/public\/index.php?rest_route=%2Fwp%2Fv2%2Fmedia&parent=629"}],"curies":[{"name":"wp","href":"https:\/\/api.w.org\/{rel}","templated":true}]}}